ts digit of j?
8
Let q(z) = 9727*z + 1616. What is the tens digit of q(2)?
7
Suppose x - 203 = 158. Suppose -2*v + x + 151 = 0. What is the hundreds digit of v?
2
Let l = 22508 + -11934. What is the tens digit of l?
7
Let h(u) = 359*u + 1033. What is the units digit of h(4)?
9
Let c be ((-7)/((-126)/45))/((-1)/(-4)). What is the units digit of 15/50 + 3077/c?
8
Let t(o) = -5*o + 3. Let b be t(-9). Suppose -56 = 2*f + 4*n - 10, -2*n = -5*f - 127. Let j = b + f. What is the units digit of j?
3
Let s = -5838 + 12365. What is the thousands digit of s?
6
Let r(s) = s - 6. Let z be r(7). Let k(v) = -5*v - 36 + 89*v**2 - 3*v + 62 - 24. What is the tens digit of k(z)?
8
Let b(t) = 5*t**2 + 2*t - 35. Suppose -i + 2*n + 11 = 0, 2*i + 2*n - 16 = 3*n. Let g be b(i). Let w = 320 - g. What is the units digit of w?
6
Let j(w) = w**3 - 8*w**2 + 6*w + 9. Let d be j(7). Suppose 5*o + 2*l = -90, 85 = -d*o - 3*o - l. Let m = o + 18. What is the units digit of m?
2
Suppose 0 = -4*b + 4*n - 24, 32 = -4*b + 6*n - 4*n. Let d = b + -105. Let y = d - -185. What is the tens digit of y?
7
Suppose 6 = 9*m - 39. Suppose -5*o = -3*t - 1087, 3*t - 793 = -m*o + 300. What is the units digit of o?
8
Let b = -636 + 1449. Suppose 0 = 9*l - 5640 - b. What is the tens digit of l?
1
Let i = -80 - -589. What is the hundreds digit of i/2 + 182/52?
2
Let p(x) = 3*x**3 - 12*x**2 + 23*x - 65. What is the hundreds digit of p(13)?
7
Let d(f) = -f**2 + 10*f + 8. Let b be d(10). Suppose -b*g + 0 = -32. Suppose -2*w = -2*h + 2*w + 112, 4*h + g*w = 176. What is the tens digit of h?
4
Suppose 13*g + 7*g - 1103706 = -34*g. What is the tens digit of g?
3
Let b(v) = -121*v - 3286. What is the hundreds digit of b(-38)?
3
Let y = 3670 + -1997. What is the thousands digit of y?
1
Suppose -4*j + 302*h + 167628 = 298*h, -41901 = -j - h. What is the units digit of j?
4
Let p(u) = -23 - 57 - 25 - 28*u. What is the units digit of p(-4)?
7
Let u be 1*4117 - (-5 + (-22)/(-11)). Suppose u = 4*s - q, s + 9*q - 10*q - 1030 = 0. What is the hundreds digit of s?
0
Suppose -2*r + 23505 = 551. What is the thousands digit of r?
1
Let k be (-3 - (-6)/2) + 114. Let s(m) = k + m - 13*m - 139. What is the tens digit of s(-6)?
4
Let a = -136 + 141. Suppose -q + 1278 = a*q. What is the tens digit of q?
1
Let z = 9536 - 4162. What is the hundreds digit of z?
3
Let x(j) = 4*j**2 + 10*j - 19. Let i = 208 - 193. What is the hundreds digit of x(i)?
0
Let y(w) = -25*w**3 + 3*w**2 + 6*w + 11. Let i be y(-4). What is the units digit of i/10*(-4)/(-2)?
7
Suppose -325*o + 1407744 = -307*o. What is the hundreds digit of o?
2
Suppose 5*q - 2*u + 433 = 0, -4*q - 276 = 3*u + 75. Let d = q - -90. What is the units digit of d?
3
Let g be 4/(-3 + -2 - 2056/(-408)). What is the tens digit of (18/4 - 2)*g?
5
What is the units digit of (-1272)/2226 - 96758/(-7)?
2
Let i = 90108 + -54357. What is the thousands digit of i?
5
Let p be (-5)/(-10)*(2 + -2). Suppose 6 = -3*f - 3, -2*b + 2*f + 234 = p. Let v = 4 + b. What is the tens digit of v?
1
Suppose -130*q = -133*q + 12. Suppose 990 - 8430 = -q*a. What is the units digit of a?
0
Let g(l) = 211*l**2 - 2*l + 3. Let c(t) = -t**2 + 7*t + 19. Let o be c(9). Let r be g(o). What is the units digit of r + ((-8)/(-12))/((-2)/(-3))?
3
Let d be (12/4)/(-3) + 2 - -2. Suppose 4*z = 0, -3*v + 12 = 2*z + d. Suppose q - 140 = -5*g, -q - v*g = -g - 137. What is the units digit of q?
5
Let r(z) = -21 + 21 + 17*z - 43 + 11*z. What is the hundreds digit of r(7)?
1
Let u(i) = -3*i + 3. Let y be u(3). Let z(d) = -5*d - 90 + 91 - d**2 - 4*d. What is the units digit of z(y)?
9
What is the tens digit of 4 - ((-34490)/16 + 33/(-88))?
6
Let r(c) = 11*c**2 - 7*c - 6. Let j be r(4). Let k = 156 - j. What is the tens digit of k?
1
Let c(a) = 1277*a**3 - 12*a + 11. Let z be (8/(-20))/((-24)/60). What is the thousands digit of c(z)?
1
Let c be 7*24/(-27) + (-8)/(-36). Let n(g) = -g + 10. Let u be n(c). What is the tens digit of (1/(-8) - (-2578)/u) + -3?
5
Suppose -4*z = -4*s - 40, 2*z + 4*s + 16 - 6 = 0. Let o(p) = 250*p - 1. Let f(x) = -125*x + 1. Let u(m) = z*f(m) + 3*o(m). What is the units digit of u(1)?
7
Let s = 39 + -42. Suppose -35 = -0*t - 5*t. Let c = s + t. What is the units digit of c?
4
Let r(b) = -3*b + 31. Let m(a) = -a + 10. Let f(o) = 7*m(o) - 2*r(o). Let s be f(6). Suppose 260 = 2*t - s*h, t - h = 2*h + 140. What is the tens digit of t?
2
Let z = 24 - -3. Let m be ((0 - (0 - 0))*1)/(-1). What is the tens digit of m - ((-2)/(-2) + -4*z)?
0
Suppose -3*y = -5*h + 355203, -34*y = 3*h - 32*y - 213099. What is the units digit of h?
7
Suppose -5*h + 145 = 45. Suppose 0 = -18*u + h*u - 764. What is the tens digit of u?
8
Let n(o) = -o**2 + 37*o - 56. Let u be n(35). Suppose u*x = 11*x + 3768. What is the thousands digit of x?
1
Suppose p - 24 = -p - 2*s, 20 = 5*s. Suppose -12*b + 96 = -p*b. What is the tens digit of b?
2
Let c(k) = 270*k**2 + 12*k + 96. What is the thousands digit of c(-6)?
9
What is the units digit of ((-2547)/(-6))/(108/1368)?
7
Suppose -13786 = -d + 5*x, -2*x - 41268 = -3*d - 5*x. What is the hundreds digit of d?
7
Suppose -2960020 = 199*i - 234*i. What is the units digit of i?
2
Let s be 18/30 - 6*(-3)/(-30). Suppose s = -t - 2*j + 294, 0 = -5*t - 4*j + 971 + 481. What is the tens digit of t?
8
Suppose b - y - 24416 = 0, -40869 - 7981 = -2*b + 5*y. What is the thousands digit of b?
4
Let l(y) = -2*y**3 - 79*y**2 - 406*y + 103. What is the ten thousands digit of l(-43)?
3
Let l(g) = 69*g**2 + 7*g + 24. Suppose -145 = -12*b - 17*b. What is the thousands digit of l(b)?
1
Let y = -35 + 33. What is the units digit of y - (-162 - (-2)/2 - -3)?
6
Suppose -5*s + 105 = -5*q, 5*q = -4*s - 14 + 89. Let i be (36/s)/((-6)/(-20)). Suppose 0 = i*d - 10*d + 264. What is the tens digit of d?
6
Let i(r) = 2*r**3 - r**2 + 2. Let m be i(1). Suppose 2*o - 2*a = 5*o - 1887, 1258 = 2*o + m*a. What is the hundreds digit of o?
6
Suppose 3*q + 10*s - 6*s - 55683 = 0, 0 = -5*s - 15. What is the ten thousands digit of q?
1
Suppose h + 4*h + 1680 = 0. Suppose -9860 = -21*t + t. Let o = h + t. What is the tens digit of o?
5
Let p(i) = 34 - 41 + 9*i**2 + 18 + 3*i**2 - 3*i. What is the units digit of p(-5)?
6
Let g(a) be the second derivative of a**5/20 + 13*a**4/12 - a**3 + 7*a**2 + 2*a - 232. Let s be (-1 - 0) + (-24)/2. What is the tens digit of g(s)?
9
What is the hundreds digit of (-2)/(-7) + (-90786)/(-14) + -4?
4
Let z be 6*2/((-3756)/(-930) + -4). Let n(r) = r**2 + 2*r + 1. Let t be n(-4). Suppose -h = t*h - z. What is the units digit of h?
1
Let q = -481 + 365. What is the units digit of (190/40 + -7)/(3/q)?
7
What is the ten thousands digit of (-459)/102*(71480/6)/(-5)?
1
Let y(w) = w**2 - 61*w + 98. Let c be y(30). Let b = c + 1345. What is the units digit of b?
3
Let w(x) = 17*x + 3567. Let l be w(0). Let n = l - 2089. What is the tens digit of n?
7
What is the tens digit of (-9 + (-98)/(-10))/(4/48310 + 0)?
6
Let v(i) = 512*i**2 + 37*i - 397. What is the ten thousands digit of v(11)?
6
Suppose 9*n - 972 = 15*n. What is the tens digit of 15141/15 - (-5 - n/30)?
0
Suppose -137464*a = -137488*a + 1908744. What is the ten thousands digit of a?
7
Let n = -437 + 446. What is the thousands digit of 3 + 1120 + n/(45/20)?
1
Suppose -4 = -4*f + 8. Suppose w + 0*w + 160 = f*y, y = -4*w + 49. Let a = y + 103. What is the units digit of a?
6
Let f(i) = 125*i**2 - 4*i - 60. What is the hundreds digit of f(-8)?
9
Suppose k - 30 = -2*a, -4*k + a + 120 = -4*a. Let i = k - 20. Suppose -i*y = -y - 963. What is the hundreds digit of y?
1
Let h = 218 - 213. Suppose d + 3*o - 80 = -0*o, -d - h*o = -72. What is the tens digit of d?
9
Let v(d) = -7*d**3 - 9*d**2 - 17*d - 50. Let t(s) = 6*s**3 + 8*s**2 + 17*s + 53. Let y(i) = -6*t(i) - 5*v(i). What is the units digit of y(-11)?
7
What is the ten thousands digit of (-52 + 1916)/(((-4)/(-84))/(1/2))?
1
What is the hundreds digit of 14479 + 11/(-154)*0?
4
Let o = 150 + 149. Suppose o*h - 301*h = -2522. What is the tens digit of h?
6
Let p(i) = -34*i - 159. Let b be (21/(-28))/(3/(24*4)). What is the hundreds digit of p(b)?
6
Let t = 231 + -226. Suppose t*i = 15*i - 9240. What is the hundreds digit of i?
9
Let t(l) = -14*l + 51. Let g be t(22). Let h = g + 813. What is the units digi